Determine p(8).
8
Let j(p) = -2*p**3 - p**2 + 131. Calculate j(0).
131
Let p(g) = -g**2 + 10*g - 7. What is p(3)?
14
Let f(l) = -l - 2. Determine f(-13).
11
Let h(f) = -3*f**3 - 5*f**2 - 3*f + 2. Determine h(-2).
12
Let a(k) = k**3 + 12*k**2 - 2*k - 33. What is a(-12)?
-9
Let t(v) = -2*v - 2. Give t(6).
-14
Let f(m) = -2*m**3 - 10*m**2 - 20*m - 11. Determine f(-2).
5
Let z(f) = -f**2 + 15*f - 1. Calculate z(7).
55
Let h(o) = -40*o - 6. Give h(-1).
34
Let h(y) = y**3 + 8*y**2 + 14*y - 6. Give h(-4).
2
Let s(m) = m**2 + 8*m - 12. What is s(-11)?
21
Let p(z) = 2*z**2 + 18*z + 19. Calculate p(-8).
3
Let u(f) = -4*f**2 - 163*f + 43. Determine u(-41).
2
Let n(v) = 8*v**3 - 2*v**2 - 2*v + 2. Calculate n(1).
6
Let m(s) = -s + 1. Calculate m(6).
-5
Let k(v) = -v**2 - 70*v - 747. Give k(-57).
-6
Let i(a) = a**3 - 6*a**2 + 3*a - 4. Calculate i(5).
-14
Let x(a) = -11*a + 4. What is x(3)?
-29
Let r(b) = 4*b**2 + 4*b - 1. What is r(-2)?
7
Let f(s) = 2*s**2 - 2*s + 1. Give f(-3).
25
Let t(v) = v**3 - 11*v**2 - 15*v + 36. Determine t(12).
0
Let k(t) = -t**3 - 5*t**2 - 5*t - 4. What is k(-3)?
-7
Let r(c) = 2*c**3 + 4*c**2 - 3*c - 6. Give r(-3).
-15
Let j(d) = -d**3 - 19*d**2 + 19*d - 16. Give j(-20).
4
Let k(j) = -8*j + 145. Determine k(14).
33
Let v(k) = -5*k - 20. Calculate v(-4).
0
Let q(g) = -g**3 + 10*g**2 + 4*g - 25. Give q(10).
15
Let a(z) = -2*z**2 - 21*z - 13. What is a(-11)?
-24
Let s(z) = -2*z**2 + 8*z + 6. Give s(4).
6
Let i(c) = 14*c. Determine i(-1).
-14
Let j(b) = 8*b - 12. Give j(0).
-12
Let k(f) = 2*f**2 - 73*f + 23. Give k(36).
-13
Let c(r) = 19*r**2 + 2*r - 1. What is c(1)?
20
Let g(d) = -2*d**2 - 18*d - 8. Calculate g(-8).
8
Let g(y) = -4*y + 9. Give g(2).
1
Let x(v) = 11*v - 160. What is x(14)?
-6
Let x(l) = l**3 - l**2 + l - 5. Determine x(2).
1
Let k(l) = -2*l - 15. What is k(7)?
-29
Let f(t) = t**2 + 10*t + 1. Determine f(-6).
-23
Let i(t) = 3*t + 7. Calculate i(-5).
-8
Let o(i) = i**3 + i**2 - i + 16. What is o(0)?
16
Let t(p) = -p**2 - 17*p - 49. Determine t(-3).
-7
Let n(q) = -7*q**2 - 3*q. What is n(1)?
-10
Let x(f) = f**3 - 6*f + 7. Give x(3).
16
Let h(i) = -2*i + 10. Calculate h(5).
0
Let k(x) = 2*x + 29. Give k(-19).
-9
Let k(t) = t**3 - 10*t**2 + 13*t - 36. Calculate k(9).
0
Let p(v) = v**3 + 6*v**2 - 3*v - 1. Give p(-6).
17
Let f(t) = -2*t**2 + 3*t + 5. Give f(7).
-72
Let h(z) = -z**2 + 10. Calculate h(-7).
-39
Let i(u) = -9*u**2 + 5*u - 3. Determine i(1).
-7
Let y(i) = 29*i + 154. What is y(-6)?
-20
Let s(a) = -3*a + 43. Determine s(6).
25
Let k(i) = i**3 - i**2 - 2*i - 12. Calculate k(0).
-12
Let u(o) = -o**3 - 3*o**2 - o - 3. Calculate u(-4).
17
Let y(o) = -o**3 + 6*o**2 + 54*o + 5. Determine y(11).
-6
Let i(c) = -4*c**2 - 3*c - 1. What is i(-2)?
-11
Let z(x) = -4*x**2 - 118*x - 39. Calculate z(-29).
19
Let l(z) = -z**2 - 8*z + 10. What is l(-13)?
-55
Let s(m) = -2*m**2 + 36*m - 28. Calculate s(17).
6
Let i(u) = 4*u**2 + 118*u - 57. Determine i(-30).
3
Let r(z) = 2*z**2 - 13*z - 7. Calculate r(6).
-13
Let h(t) = -t**3 + 13*t**2 - 7*t + 71. What is h(13)?
-20
Let h(w) = 15*w + 10. Determine h(0).
10
Let v(p) = -11*p**2 + 5*p - 5. What is v(2)?
-39
Let b(p) = -20*p + 56. Determine b(4).
-24
Let y(k) = -13*k - 887. Give y(-68).
-3
Let a(q) = 14*q**3 + 5*q**2 + 7*q + 6. What is a(-2)?
-100
Let h(a) = -8*a - 53. Give h(-6).
-5
Let n(c) = c**3 - 11*c**2 - 13*c + 21. Calculate n(12).
9
Let a(i) = -4*i + 2. Calculate a(-13).
54
Let a(v) = -v**3 + 39*v**2 - 75*v + 62. What is a(37)?
25
Let o(h) = -39*h + 72. Determine o(2).
-6
Let w(x) = -x**3 + 20*x**2 - 16*x + 28. What is w(19)?
85
Let x(o) = -o**3 - 6*o**2 - 4*o - 4. What is x(-4)?
-20
Let v(k) = 41*k**2 - k. What is v(-1)?
42
Let x(o) = o**2 + 2*o - 3. Give x(3).
12
Let f(z) = z**3 + 5*z**2 + 4. What is f(-3)?
22
Let z(x) = -51*x**3 + 2*x**2 + 5*x + 3. Give z(-1).
51
Let o(r) = r**2 - 7. Determine o(-5).
18
Let s(t) = t**2 + 15*t + 15. Give s(-13).
-11
Let t(g) = -g**2 + 8*g + 3. Calculate t(10).
-17
Let c(z) = -z - 7. Determine c(-7).
0
Let y(h) = -14*h - 25. Determine y(-11).
129
Let u(f) = -f**2 + 15*f - 12. What is u(15)?
-12
Let h(s) = -10*s + 31. Determine h(3).
1
Let j(v) = -59*v**3 + v**2 + v. What is j(-1)?
59
Let v(z) = -4*z - 28. Give v(-9).
8
Let m(o) = o**2 - 3*o + 1. Determine m(5).
11
Let k(m) = m**3 + 14*m**2 + 15*m + 13. What is k(-13)?
-13
Let i(l) = 2*l**3 - 3*l**2 - 4. Give i(4).
76
Let i(d) = -5*d - 52. What is i(-8)?
-12
Let n(q) = -7*q + 11. Calculate n(7).
-38
Let h(n) = 49*n - 314. Calculate h(7).
29
Let h(o) = o**2 + 12*o + 21. What is h(-10)?
1
Let o(s) = s**3 + 10*s**2 - 24*s - 4. Calculate o(-12).
-4
Let b(o) = o**3 + 5*o**2 - o. Give b(-5).
5
Let s(n) = 3*n + 5. What is s(8)?
29
Let w(i) = 2*i + 13. What is w(-11)?
-9
Let o(v) = 3*v + 55. Calculate o(-34).
-47
Let r(l) = 10*l**2 + 20*l + 6. Calculate r(-1).
-4
Let c(r) = r**3 - 6*r**2 - r + 7. Determine c(5).
-23
Let b(w) = -2*w - 15. Give b(-8).
1
Let u(v) = v**3 + 8*v**2 + 6*v - 7. Calculate u(-7).
0
Let l(b) = -b**3 + 8*b**2 - 8*b + 5. What is l(5)?
40
Let y(p) = p**2 + 6*p - 13. Determine y(0).
-13
Let x(q) = -49*q - 1. Give x(1).
-50
Let m(f) = -2*f - 7. Determine m(15).
-37
Let p(c) = 15*c - 20. Calculate p(1).
-5
Let a(d) = -d**3 + 9*d**2 + 9*d + 13. What is a(10)?
3
Let g(f) = -18*f - 6. Calculate g(1).
-24
Let t(u) = u**2 + 8*u - 5. Calculate t(-9).
4
Let o(b) = 28*b + 6. What is o(1)?
34
Let a(i) = -i - 2. Calculate a(4).
-6
Let t(k) = -12*k - 236. Determine t(-20).
4
Let k(j) = j**3 - 3*j**2 - 6*j + 6. Give k(4).
-2
Let d(w) = -2*w**2 + 9*w + 9. Calculate d(7).
-26
Let a(s) = -s**3 - 8*s**2 - 3*s - 19. What is a(-8)?
5
Let v(q) = -q**3 + 8*q**2 + 2*q - 11. Determine v(8).
5
Let v(u) = u**2 - 2. Give v(-2).
2
Let n(q) = -q**3 + 2*q**2 + 3*q. Give n(0).
0
Let j(u) = 4*u + 23. What is j(-7)?
-5
Let g(f) = f**3 + 3*f**2 - 16*f - 14. What is g(-6)?
-26
Let d(v) = v**3 + 5*v**2 - 8. What is d(-4)?
8
Let l(k) = 59*k + 1351. Determine l(-23).
-6
Let c(q) = q**3 + 3*q**2 + q - 5. Determine c(-3).
-8
Let w(t) = -t**3 + 4*t**2 - 2. Give w(2).
6
Let c(w) = -6*w + 7. Determine c(4).
-17
Let l(y) = y**3 - 8*y**2 - 31*y + 9. What is l(9)?
-189
Let d(g) = 4*g - 5. Give d(6).
19
Let a(r) = -11*r - 66. Give a(-6).
0
Let y(p) = -p**2 + 3*p + 13. Calculate y(0).
13
Let x(g) = -306*g - 1837. Determine x(-6).
-1
Let z(s) = s**2 - 3*s - 3. What is z(0)?
-3
Let w(y) = y**3 - 16*y**2 - 14*y - 68. What is w(17)?
-17
Let y(u) = u**3 - 11*u**2 + 12*u + 5. Calculate y(10).
25
Let d(o) = 23*o + 6. Give d(-5).
-109
Let p(r) = -5*r + 16. Calculate p(5).
-9
Let s(m) = -3*m**2 - 44*m - 16. Determine s(-14).
12
Let r(v) = 28*v - 647. Give r(23).
-3
Let d(h) = -2*h - 7. What is d(8)?
-23
Let a(n) = -4*n**2 + n + 2. Give a(-1).
-3
Let q(v) = 2*v**3 + 29*v**2 - 16*v - 26. Give q(-15).
-11
Let z(q) = -q**3 + 9*q**2 + 12*q - 24. Determine z(10).
-4
Let n(o) = -6*o - 136. Calculate n(-19).
-22
Let n(w) = 2*w**3 - 20*w**2 - w + 14. Determine n(10).
4
Let t(x) = -x. Determine t(8).
-8
Let x(w) = w - 36. What is x(21)?
-15
Let y(w) = w**3 + 5*w**2 - 4*w + 7. Determine y(-6).
-5
Let b(n) = n**2 - 12*n + 16. Calculate b(10).
-4
Let j(s) = -s**3 + 5*s**2 - 4*s - 7. Give j(4).
-7
Let y(v) = v**3 + 15*v**2 + 26*v - 7. Calculate y(-13).
-7
Let g(v) = 5*v - 155. Calculate g(16).
-75
Let s(c) = -c**2 + 19*c - 56. What is s(16)?
-8
Let v(j) = j**3 - 18*j**2 - 22*j + 28. Determine v(19).
-29
Let z(y) = 5*y + 10. Calculate z(-9).
-35
Let p(k) = -k**2 - 11*k - 22. Calculate p(-10).
-12
Let p(a) = a**3 + 6*a**2 + 7*a - 13. What is p(-3)?
-7
Let a(i) = -i**3 + 6*i**2 + 4*i - 4. Give a(6).
20
Let s(u) = 20*u + 72. Give s(-3).
12
Let m(d) = d - 4. What is m(7)?
3
Let u(d) = -d**3 - 2*d**2 + 12*d + 30. Determine u(-3).
3
Let y(k) = -2*k**3 + 11*k**2 + 4*k + 14. Calculate y(6).
2
Let y(n) = n**3 - 12*n**2 + 23*n + 8. Calculate y(8).
-64
Let z(o) = 5*o - 6. Determine z(3).
9
Let k(v) = 3*v**2 - 20*v + 20. Give k(1).
3
Let x(d) = d**3 + 6*d**2 - 5. Determine x(-6).
-5
Let g(h) = 8*h - 60. Calculate g(0).
-60
Let f(y) = 2*y**3 - 4*y**2 - y - 7. What is f(0)?
-7
Let d(w) = w**3 + 6*w**2 + 6*w. Give d(-4).
8
Let l(p) = 9*p**2 - 3*p + 3. What is l(1)?
9
Let l(i) = i**3 + 7*i**2 + 4*i - 18. What is l(-3)?
6
Let s(y) = 79*y**3 + 2*y**2 - 4*y + 3. Determ